1). Let g = z - 0. Let p(t) = -4*t**2 + 2*t**3 + t + 0 + t + 1. Calculate p(g).
5
Let h(b) = b**2 + 7*b - 3. Suppose -4*y - 5*s + 1 = 2, -y - 3*s = -5. Determine h(y).
-15
Let m(k) = -5*k - 2. Let f be m(-2). Let t = f + -5. Suppose 0 = -4*j, 0 = -t*a - 4*j + 16 - 4. Let p(v) = -v**3 + 5*v**2 - 5*v - 1. Determine p(a).
-5
Let s(a) = -20 + 9 - a + 7. Calculate s(-3).
-1
Let p(f) = -9 + 16 - 4*f - 18 + 3*f. Determine p(-5).
-6
Let v(k) = -3*k + 7. Suppose -2*h + 4 - 14 = 0. What is v(h)?
22
Let q(y) = 13*y**3 + 5*y**2 + 5*y - 4. Let f(i) = 14*i**3 + 6*i**2 + 6*i - 5. Let a(l) = 5*f(l) - 6*q(l). Calculate a(1).
-9
Let x(u) = u**2 - 6*u + 2. Let d = 2 + 0. Suppose -17 = -d*j - 3*c, -2*j - 4*c + 2 = -18. Calculate x(j).
-6
Let c(y) = -y**2 - y. Let w be 2*-2*3 + 2. Let a be (-28)/20 + 6/w. Calculate c(a).
-2
Let q(f) be the second derivative of f**3/6 - f**2/2 + f. Suppose 0 = -4*u + 4*j + 8, -4*u = -8*u - 5*j + 8. What is q(u)?
1
Let a(f) be the second derivative of -f**3/6 + f**2 - 2*f. Let s = -40 + 40. Calculate a(s).
2
Let v(o) = -o - 1. Let k be v(2). Let t(q) = -q - 5. Let u = -6 - -4. Let p(y) = -1. Let r(f) = u*p(f) + t(f). Give r(k).
0
Let r(q) = q**2 + 1. Let w(u) = -u**3 - 4*u**2 - 9*u - 4. Let x(i) = 5*r(i) - w(i). Give x(-8).
1
Suppose 5*m + 23 = 2*s, -2*s + 3*m + 10 = -7. Suppose 2*l - s*k = -28, 0*k = 4*k - 16. Let i(x) = x**2 + 5*x - 1. Determine i(l).
5
Let q(u) = u**2 - u - 11. Let y = 8 + -8. Determine q(y).
-11
Let r(h) be the third derivative of -h**8/20160 + h**7/5040 - h**6/90 + h**5/30 + 2*h**2. Let p(i) be the third derivative of r(i). Give p(0).
-8
Let g = -16 - -17. Let b(p) = -3*p**2 - p. Determine b(g).
-4
Let c(j) = j**2 - 9*j. Let u be 1/(2*5/70*1). What is c(u)?
-14
Let a(z) = -6*z**2 - z + 4. Let f(i) = 0 + 3*i - 2*i - 1. Let o(k) = -a(k) - 3*f(k). Let r(w) = -w**3 + 6*w**2 - 4*w - 6. Let l be r(5). Calculate o(l).
7
Let h(v) = 3*v + 10. Let y be h(-3). Let o(d) = 7*d**2 - 1. What is o(y)?
6
Suppose 3*z + 2*z = 40. Let n = -6 + z. Let u(m) = 2*m**n + m**3 - 23*m + 4 + 23*m. Calculate u(-3).
-5
Let t(z) = -8*z + 3. Let d(n) = 7*n - 4. Let w(v) = 3*d(v) + 2*t(v). Give w(4).
14
Let h(i) = -2*i**2 + 2 - 3*i + i**2 + 0*i**2. Let n(x) = -3*x**2 - 6*x + 5. Let s(v) = 5*h(v) - 2*n(v). Suppose -3*b = b - 12. What is s(b)?
0
Let y(z) = -5*z + 10*z**2 + 8*z**2 + 1 - 19*z**2. Calculate y(-4).
5
Let b = -28 + 32. Let n(g) = -g**2 + 4*g - 3. Determine n(b).
-3
Let v(u) = -u - 1 - 4*u + 6*u. Let z be 4/2 + 3/3. What is v(z)?
2
Let c(u) = -u**3 - 4*u**2 - 4*u - 4. Let r(x) = x**3 + 5*x**2 + 4*x + 3. Let o(s) = 3*c(s) + 4*r(s). Calculate o(-7).
21
Let q(g) = -g**3 - 2*g**2 - 7*g - 4. Suppose 5*d + 4 = -1. Let o(s) = s**2. Let t(p) = d*q(p) + 4*o(p). Let m be (24/15)/((-4)/10). Determine t(m).
8
Let z be (-1)/2*0 - -2. Let c(y) = -y + y**3 - y**2 + 0*y**2 - 3 - z*y**3. Let a = -4 - -4. Calculate c(a).
-3
Suppose -5 + 2 = -l. Let r(j) = -4 - 4*j - l*j + 5*j - j**2. Calculate r(-3).
-7
Let t(z) = -z**3 + z**2. Suppose -g - 4*c + 32 = 3*g, c = 2*g - 1. Let x(y) = 2*y**3 - y**2 - 1. Let m(k) = g*x(k) + 7*t(k). Let n = -4 + 8. Determine m(n).
-3
Let l(f) = f**3 + 13*f**2 - 13*f + 19. Let t = -41 + 27. Determine l(t).
5
Let o(t) be the third derivative of t**6/120 - t**5/20 - t**4/4 + t**3/6 + 8*t**2. Calculate o(4).
-7
Suppose -6*g - 8 + 20 = 0. Let z(h) = h**2 - h - 2. Calculate z(g).
0
Let g(t) = -16*t + 26. Let o(p) = -3*p + 5. Let y(b) = -2*g(b) + 11*o(b). Determine y(5).
-2
Let q(o) = -4*o - o**2 + 2*o**2 + 11*o - 2. Give q(-5).
-12
Let n(v) = -v**2 - 2. Let h(p) = -p**2 - 5*p - 3. Let x be h(-3). Calculate n(x).
-11
Suppose 2*b - 5*w + 19 = 0, 0*b = 4*b + 5*w + 23. Let n(j) = j**2 + 9*j + 7. Calculate n(b).
-7
Suppose -6*k + 3*k + 12 = 0, r + 2*k - 15 = 0. Let f(n) = 5*n**2 - n - 4. Let c(a) = -2*a - 7 - 2*a + 9*a**2 + 2*a. Let b(w) = r*f(w) - 4*c(w). Calculate b(1).
0
Let y(q) = 3 - 4 + 4 - q. Let d be y(4). Let t(n) = 2*n**3 - n**2 - 8*n - 1. Let r(u) = -u**3 - u. Let l(v) = -6*r(v) + t(v). Determine l(d).
-8
Let d(s) be the third derivative of s**6/120 - s**5/12 - 7*s**4/24 - 5*s**3/6 + 7*s**2. Calculate d(6).
-11
Suppose 2*p = -l, -p - 2*l - 3 = 3. Let a(o) = -2*o - 1. Determine a(p).
-5
Let u(j) = -j**3 + 10*j**2 - 10*j + 2. Let b be ((-54)/(-72))/(0 + (-1)/(-12)). What is u(b)?
-7
Suppose -1 + 16 = 5*f, 0 = 4*j + f - 3. Let b be (j - -1)*8/4. Let o(k) = -3*k + 1. Give o(b).
-5
Let k(u) = -7*u**2 - 9. Let n(p) = 13*p**2 + 17. Let a(r) = -11*k(r) - 6*n(r). Let b(y) be the first derivative of a(y). Give b(2).
-4
Suppose -u = -3*u + 3*o + 15, -2*o = -4*u + 10. Let v = -4 + u. Let s(q) = -2 - 2*q + q + 1. Determine s(v).
3
Let o = -58 + 55. Let b(p) = 2*p**2 + 4*p. What is b(o)?
6
Let v be 0 - (-2 - -2) - -5. Let g(b) = -b**2 + 6*b + 2. Calculate g(v).
7
Suppose 0*s + 10 = 2*s. Let c(x) be the third derivative of -x**5/60 + x**4/3 - 2*x**3/3 - 69*x**2. Determine c(s).
11
Let z(u) be the third derivative of 7/60*u**5 - 5/24*u**4 - 1/2*u**3 + 0 + 0*u + u**2 - 1/120*u**6. Give z(6).
3
Let m = -21 + 25. Suppose 3*f = -3*d - 6, d = 2*f + 5*d + 12. Let i(g) = m + 0 - 3*g - 2 + f*g. Determine i(0).
2
Let s(u) = -u**3 + 3*u**2 + 6*u - 6. Let o be 1*((-2 - -3) + 1). Let z(y) = y + 2. Let a be z(o). Let m be s(a). Let f(d) = -d**2 - d - 1. What is f(m)?
-7
Let f(p) = p**2 + 5*p + 6. Suppose 5*i = -3*i - 48. Give f(i).
12
Let n(w) = w**2 - w - 3. Suppose -u - 2 + 4 = 0. Let g = u + -2. Determine n(g).
-3
Let y(x) = x - 5*x**3 - 6*x**2 + x + 4*x**3 - 9 + 2*x**3. Suppose 0 = 3*i + 12 - 30. Determine y(i).
3
Let p = -8 + 11. Let j(l) = -4 - 4*l + 3 + p*l + 0*l. Give j(0).
-1
Let i(x) = x**2 - 9*x + 2. Let w = 77 - 68. Give i(w).
2
Let q = -45 - -48. Let c(r) = -r**3 + 2*r**2 + 2*r + 3. Determine c(q).
0
Let w(t) = 7*t**2 - 5*t - 6. Let h(l) = -l - 1. Let x(d) = -6*h(d) + w(d). Determine x(-1).
6
Let q(n) be the first derivative of 2*n**2 - 2*n + 13. What is q(3)?
10
Let a(m) = 3*m + 1. Let l be ((-2)/(-8))/((-2)/(-8)). Let w be a(l). Let o(q) = q**2 - 6*q + 3. Determine o(w).
-5
Let j = 6 - 7. Let w(x) = 2*x + 1. Give w(j).
-1
Let k(m) = 2*m - 3. Let v be k(6). Let a(b) = b**3 + 2*b**2 - 5*b + 6. Let w(t) = 2*t**3 + 4*t**2 - 11*t + 13. Let o(h) = v*a(h) - 4*w(h). What is o(-3)?
-4
Let l(x) = -7*x**2 - 12*x + 13. Let n(c) = -8*c**2 - 13*c + 14. Let a(s) = 7*l(s) - 6*n(s). Give a(-6).
7
Let i(h) = -h**2 + 5*h + 6. Let y = -23 + 29. Calculate i(y).
0
Let a(u) = -u**2 + 4*u - 2. Suppose 3*r = -4*g - 4 - 3, -5*g - 15 = 5*r. Let m be ((-10)/(-8))/(r/(-20)). Give a(m).
-7
Let t(l) = -l**2 - 8*l - 3. Let s(p) = -p**2 - 8*p - 2. Let f(v) = -6*s(v) + 5*t(v). Give f(-6).
-15
Let z(a) = -a**3 - 12*a**2 - 14*a - 13. Let u be z(-11). Suppose -s - u = 3*s. Let o(y) = -y**2 - 5*y - 2. Give o(s).
-2
Let p(i) = i**3 - 6*i**2 - 8*i + 10. Let y be p(7). Suppose 5*z - 17 = v, 0*z - y*z = -4*v. Let t(l) = -2*l + 4. Calculate t(z).
-4
Let b(v) = -19*v**3 + 17*v**2 - 6*v + 21. Let w(p) = 11*p**3 - 9*p**2 + 3*p - 11. Let a(o) = -4*b(o) - 7*w(o). Let m = -14 + 8. What is a(m)?
11
Let y(c) = 2*c + 2. Suppose -3*l = -5*h - 45, -4*l + 8 = 4*h - 2*h. Give y(h).
-10
Let k(x) = x**2 - 7*x + 9. Let l be (-138)/9 + (-2)/(-6). Let j = l - -21. What is k(j)?
3
Let a(o) = 3*o**2 - 4*o + 5. Let z(g) = -7*g**2 + 8*g - 11. Let y = 11 - 17. Let j = y + -3. Let k(t) = j*a(t) - 4*z(t). Calculate k(-2).
-5
Let f(m) = m - 7. Let q be (0 - 3)/((-15)/25). Calculate f(q).
-2
Let d(k) = 1 - 13*k**2 + 5*k**2 - 3*k + 9*k**2. Let w be 5/(-10)*-2*3. What is d(w)?
1
Suppose -s - s - 19 = -5*a, 0 = -2*a + 10. Let t(y) be the third derivative of -8*y**2 + 0 + 1/6*y**3 + 0*y + 1/12*y**4. Calculate t(s).
7
Suppose -3*p + 8*p = -5. Let u = -2 + 5. Let f(r) = 0*r - 1 + r**2 - 3*r - r**3 + u*r - r. What is f(p)?
2
Let f(y) = -y**3 + 3*y**2 - 4*y + 3. Let p be (-26 + 25)/((-1)/2). What is f(p)?
-1
Let d(u) = -u. Let q be d(-4). Let f(x) = 2*x**2 - 6*x + 3. Calculate f(q).
11
Let p(i) be the third derivative of -i**4/12 - 2*i**3/3 + 7*i**2 + 2*i. Calculate p(4).
-12
Suppose 7*i - 3*i = 8. Let o be 5/((-10)/8)*i. Let z be (-10)/8 - (-6)/o. Let u(y) = -y**2 - y + 2. Determine u(z).
0
Let r(h) = h**3 + 3*h**2 - h - 4. Let f = -9 + 6. Let n be r(f). Let p(g) = -5*g**2 - g. Calculate p(n).
-4
Suppose -3*d 